270 and 10?
10
What is the highest common factor of 83 and 30461?
83
What is the highest common factor of 7332 and 78?
78
What is the greatest common divisor of 10 and 45?
5
What is the highest common factor of 1290 and 120?
30
Calculate the highest common factor of 1586 and 26.
26
What is the greatest common factor of 276 and 24?
12
Calculate the highest common divisor of 2 and 134.
2
What is the greatest common factor of 1888 and 16?
16
What is the greatest common divisor of 16 and 1272?
8
Calculate the greatest common divisor of 13 and 377.
13
What is the greatest common divisor of 18 and 30?
6
Calculate the highest common divisor of 110 and 430.
10
What is the greatest common factor of 671 and 61?
61
What is the greatest common factor of 21 and 357?
21
What is the greatest common factor of 206 and 103?
103
What is the highest common factor of 363 and 27?
3
What is the greatest common divisor of 24 and 66?
6
Calculate the highest common divisor of 7536 and 16.
16
Calculate the highest common factor of 24 and 552.
24
What is the greatest common factor of 165 and 66?
33
Calculate the highest common divisor of 2805 and 60.
15
What is the highest common factor of 841 and 29?
29
Calculate the greatest common divisor of 122 and 1586.
122
Calculate the highest common factor of 29 and 13543.
29
What is the highest common divisor of 115 and 46?
23
Calculate the highest common divisor of 121 and 1089.
121
What is the greatest common factor of 14354 and 2?
2
What is the greatest common divisor of 230 and 110?
10
What is the highest common factor of 630 and 810?
90
Calculate the greatest common factor of 198 and 133848.
198
What is the highest common factor of 2 and 34?
2
Calculate the greatest common divisor of 4 and 256.
4
Calculate the highest common divisor of 21 and 1127.
7
What is the highest common factor of 210 and 42?
42
What is the greatest common factor of 1281 and 2013?
183
Calculate the highest common factor of 20 and 14.
2
What is the highest common factor of 1647 and 2403?
27
What is the highest common factor of 104 and 12181?
13
What is the highest common divisor of 308 and 50204?
308
Calculate the greatest common divisor of 20 and 90.
10
What is the highest common divisor of 287 and 35?
7
What is the greatest common divisor of 297 and 44?
11
Calculate the greatest common divisor of 272 and 64.
16
Calculate the highest common factor of 1140 and 57.
57
What is the greatest common factor of 57 and 12?
3
What is the highest common factor of 10 and 109?
1
What is the highest common divisor of 95 and 365?
5
What is the greatest common factor of 1853 and 763?
109
What is the highest common divisor of 9 and 279?
9
Calculate the greatest common factor of 13 and 871.
13
What is the highest common factor of 1464 and 24?
24
What is the highest common factor of 89 and 89?
89
What is the greatest common divisor of 162 and 234?
18
Calculate the greatest common divisor of 134 and 1474.
134
Calculate the greatest common divisor of 136 and 152.
8
Calculate the greatest common factor of 147 and 48.
3
Calculate the highest common divisor of 2082 and 126.
6
Calculate the highest common divisor of 15470 and 273.
91
What is the highest common factor of 936 and 39?
39
What is the greatest common divisor of 3174 and 1104?
138
What is the highest common factor of 9 and 45?
9
What is the highest common divisor of 3636 and 108?
36
What is the highest common factor of 8628 and 12?
12
What is the highest common divisor of 448 and 1008?
112
Calculate the highest common factor of 19 and 95.
19
Calculate the greatest common divisor of 522 and 232.
58
What is the greatest common factor of 3916 and 22?
22
Calculate the greatest common factor of 238 and 42.
14
What is the highest common factor of 31 and 1984?
31
What is the highest common factor of 2030 and 140?
70
Calculate the greatest common factor of 2645 and 115.
115
Calculate the greatest common divisor of 38 and 5282.
38
Calculate the highest common factor of 26 and 13.
13
Calculate the greatest common factor of 584 and 1387.
73
Calculate the highest common factor of 3472 and 280.
56
What is the highest common divisor of 114 and 18?
6
What is the highest common divisor of 60 and 30?
30
Calculate the greatest common factor of 45 and 45.
45
Calculate the greatest common divisor of 55 and 5.
5
Calculate the greatest common factor of 576 and 1656.
72
What is the greatest common factor of 15 and 31485?
15
What is the highest common divisor of 3770 and 7163?
377
What is the highest common factor of 48 and 24?
24
Calculate the greatest common factor of 65 and 15.
5
Calculate the greatest common divisor of 18 and 990.
18
Calculate the highest common factor of 27 and 2133.
27
What is the highest common divisor of 352 and 11?
11
What is the highest common factor of 1007 and 53?
53
What is the highest common factor of 24 and 11064?
24
Calculate the greatest common factor of 30475 and 115.
115
What is the highest common factor of 2318 and 1708?
122
Calculate the highest common divisor of 8 and 2312.
8
What is the highest common divisor of 30 and 160?
10
What is the greatest common divisor of 9 and 9?
9
What is the greatest common factor of 261 and 477?
9
Calculate the highest common divisor of 39 and 65.
13
Calculate the highest common factor of 851 and 37.
37
What is the highest common divisor of 296 and 5?
1
Calculate the highest common divisor of 32 and 160.
32
What is the greatest common factor of 4 and 8252?
4
Calculate the greatest common factor of 24 and 162.
6
What is the greatest common divisor of 8414 and 224?
14
What is the highest common divisor of 1358 and 97?
97
What is the greatest common factor of 10 and 40?
10
Calculate the highest common divisor of 109 and 2943.
109
What is the highest common divisor of 153 and 909?
9
Calculate the greatest common factor of 104 and 120.
8
What is the greatest common factor of 1 and 1?
1
What is the highest common divisor of 7428 and 6?
6
What is the greatest common factor of 361 and 57?
19
What is the greatest common factor of 1764 and 228?
12
What is the greatest common factor of 1930 and 10?
10
Calculate the greatest common divisor of 20 and 130.
10
What is the highest common divisor of 7 and 11?
1
Calculate the greatest common factor of 435 and 15.
15
What is the highest common divisor of 4573 and 17?
17
What is the highest common factor of 15 and 225?
15
Calculate the greatest common factor of 778 and 37733.
389
Calculate the greatest common divisor of 111 and 1147.
37
What is the greatest common factor of 37121 and 7?
7
What is the greatest common divisor of 164 and 1394?
82
Calculate the highest common divisor of 3162 and 102.
102
What is the highest common divisor of 261 and 203?
29
Calculate the highest common divisor of 5757 and 285.
57
Calculate the greatest common factor of 1000 and 40.
40
Calculate the greatest common factor of 1647 and 27.
27
What is the greatest common factor of 7 and 28?
7
What is the greatest common divisor of 110 and 29425?
55
Calculate the greatest common divisor of 57 and 1767.
57
What is the highest common factor of 11 and 1375?
11
What is the highest common factor of 17 and 391?
17
What is the highest common divisor of 2 and 179?
1
What is the greatest common divisor of 204 and 36?
12
Calculate the highest common divisor of 3105 and 10005.
345
What is the highest common divisor of 448 and 56?
56
What is the highest common factor of 99 and 108?
9
What is the greatest common factor of 846 and 6862?
94
Calculate the highest common factor of 275 and 775.
25
Calculate the highest common factor of 38 and 874.
38
What is the highest common factor of 164 and 16?
4
Calculate the greatest common divisor of 71 and 497.
71
Calculate the highest common divisor of 112 and 21.
7
What is the highest common factor of 4033 and 37?
37
What is the highest common divisor of 76 and 7771?
19
What is the highest common divisor of 2619 and 81?
27
What is the highest common divisor of 4896 and 864?
288
Calculate the greatest common divisor of 315 and 180.
45
Calculate the greatest common divisor of 1536 and 18.
6
What is the highest common factor of 808 and 20?
4
Calculate the highest common divisor of 42 and 122.
2
What is the highest common factor of 1494 